
What is the tens digit of 329872446?
4
What is the tens digit of 3710090061?
6
What is the hundreds digit of 50358101?
1
What is the tens digit of 317198207?
0
What is the ten thousands digit of 508594330?
9
What is the hundred millions digit of 2769323546?
7
What is the hundred millions digit of 373429270?
3
What is the ten millions digit of 2364889857?
6
What is the millions digit of 205201888?
5
What is the millions digit of 61416373?
1
What is the hundred thousands digit of 1115110753?
1
What is the millions digit of 156916928?
6
What is the ten millions digit of 209157226?
0
What is the tens digit of 935003722?
2
What is the ten millions digit of 95631172?
9
What is the units digit of 643428301?
1
What is the units digit of 253321200?
0
What is the millions digit of 3106838069?
6
What is the ten thousands digit of 15750516?
5
What is the millions digit of 457548608?
7
What is the ten thousands digit of 4449156554?
5
What is the hundreds digit of 2993056646?
6
What is the ten millions digit of 4327127863?
2
What is the tens digit of 64127322?
2
What is the hundreds digit of 10873170?
1
What is the hundreds digit of 400635595?
5
What is the tens digit of 605900?
0
What is the millions digit of 44762932?
4
What is the tens digit of 95953152?
5
What is the units digit of 67710495?
5
What is the ten thousands digit of 306957452?
5
What is the hundred millions digit of 693661382?
6
What is the ten thousands digit of 293788995?
8
What is the thousands digit of 98397135?
7
What is the hundreds digit of 581642368?
3
What is the units digit of 249133969?
9
What is the ten thousands digit of 11826058?
2
What is the hundreds digit of 24646155?
1
What is the millions digit of 49474498?
9
What is the hundreds digit of 568160395?
3
What is the ten thousands digit of 8168201220?
0
What is the thousands digit of 11865138?
5
What is the hundreds digit of 633691854?
8
What is the hundreds digit of 653145992?
9
What is the thousands digit of 113278671?
8
What is the hundred thousands digit of 25501673?
5
What is the hundred millions digit of 146142721?
1
What is the tens digit of 235607488?
8
What is the tens digit of 1130445729?
2
What is the hundred millions digit of 128245892?
1
What is the hundreds digit of 163541206?
2
What is the ten millions digit of 1115048291?
1
What is the ten millions digit of 34265243?
3
What is the units digit of 51387899?
9
What is the hundred thousands digit of 519634267?
6
What is the units digit of 9618545657?
7
What is the hundred millions digit of 4446773679?
4
What is the thousands digit of 136298462?
8
What is the thousands digit of 1069982595?
2
What is the ten millions digit of 99264145?
9
What is the hundreds digit of 8847282?
2
What is the hundreds digit of 2103083630?
6
What is the millions digit of 525657820?
5
What is the ten thousands digit of 9876570?
7
What is the ten thousands digit of 57904225?
0
What is the thousands digit of 962526489?
6
What is the thousands digit of 1822446?
2
What is the hundreds digit of 1155646427?
4
What is the millions digit of 35101006?
5
What is the hundred millions digit of 2028052968?
0
What is the thousands digit of 2188895979?
5
What is the millions digit of 960038627?
0
What is the hundred thousands digit of 525715668?
7
What is the tens digit of 533320463?
6
What is the tens digit of 77043030?
3
What is the hundred millions digit of 848554442?
8
What is the units digit of 6768463057?
7
What is the hundred thousands digit of 37918078?
9
What is the tens digit of 937578603?
0
What is the billions digit of 3441857672?
3
What is the thousands digit of 41577591?
7
What is the hundred millions digit of 534357479?
5
What is the hundred millions digit of 179080370?
1
What is the hundred millions digit of 164789522?
1
What is the thousands digit of 214466697?
6
What is the hundreds digit of 813443781?
7
What is the millions digit of 76150719?
6
What is the hundreds digit of 483611517?
5
What is the thousands digit of 793618173?
8
What is the millions digit of 1246277559?
6
What is the millions digit of 113574035?
3
What is the thousands digit of 10663328?
3
What is the ten millions digit of 50277755?
5
What is the ten thousands digit of 33994645?
9
What is the units digit of 502281863?
3
What is the hundreds digit of 5214617519?
5
What is the hundred thousands digit of 81707234?
7
What is the ten thousands digit of 41814593?
1
What is the hundreds digit of 786840624?
6
What is the tens digit of 193397356?
5
What is the ten thousands digit of 4864889?
6
What is the ten millions digit of 533276858?
3
What is the billions digit of 4258611134?
4
What is the millions digit of 8155052?
8
What is the millions digit of 270047957?
0
What is the thousands digit of 25110711?
0
What is the ten millions digit of 29800294?
2
What is the millions digit of 548196492?
8
What is the ten thousands digit of 1545569901?
6
What is the millions digit of 27808703?
7
What is the hundred thousands digit of 784470257?
4
What is the ten millions digit of 83274681?
8
What is the tens digit of 75674204?
0
What is the units digit of 1194698316?
6
What is the ten millions digit of 8253673879?
5
What is the hundreds digit of 127407430?
4
What is the hundred thousands digit of 429893442?
8
What is the hundreds digit of 193408136?
1
What is the hundred millions digit of 407097203?
4
What is the units digit of 58542439?
9
What is the ten millions digit of 907627530?
0
What is the units digit of 36408597?
7
What is the hundred thousands digit of 343679905?
6
What is the millions digit of 117268788?
7
What is the hundred thousands digit of 5612988374?
9
What is the thousands digit of 1440626137?
6
What is the hundred thousands digit of 1702640879?
6
What is the hundred thousands digit of 51705733?
7
What is the hundreds digit of 12548784?
7
What is the hundred millions digit of 289949521?
2
What is the millions digit of 335496843?
5
What is the units digit of 56711064?
4
What is the thousands digit of 297974615?
4
What is the hundred thousands digit of 2584485734?
4
What is the hundreds digit of 873744234?
2
What is the hundreds digit of 35847131?
1
What is the hundreds digit of 887311121?
1
What is the ten thousands digit of 383868316?
6
What is the thousands digit of 188874495?
4
What is the tens digit of 167080369?
6
What is the hundred thousands digit of 13104530?
1
What is the tens digit of 15327351?
5
What is the billions digit of 4287495362?
4
What is the millions digit of 443221849?
3
What is the hundred millions digit of 211101523?
2
What is the thousands digit of 17183951?
3
What is the hundreds digit of 58718810?
8
What is the tens digit of 8106614?
1
What is the tens digit of 112457107?
0
What is the hundred millions digit of 587653625?
5
What is the hundred millions digit of 484424701?
4
What is the ten thousands digit of 865135415?
3
What is the millions digit of 249526734?
9
What is the units digit of 155502529?
9
What is the billions digit of 1507545071?
1
What is the units digit of 430328443?
3
What is the units digit of 68547894?
4
What is the thousands digit of 13915353?
5
What is the hundred thousands digit of 640569008?
5
What is the ten thousands digit of 323630049?
3
What is the thousands digit of 35990541?
0
What is the millions digit of 7745523949?
5
What is the ten millions digit of 25052832?
2
What is the thousands digit of 34993971?
3
What is the units digit of 24136423?
3
What is the thousands digit of 30374910?
4
What is the hundred thousands digit of 28321979?
3
What is the hundred millions digit of 232149576?
2
What is the hundred thousands digit of 880037907?
0
What is the ten millions digit of 127841273?
2
What is the hundreds digit of 510132499?
4
What is the ten thousands digit of 1189932337?
3
What is the hundred millions digit of 4373300415?
3
What is the ten millions digit of 51471526?
5
What is the tens digit of 5152771997?
9
What is the ten thousands digit of 531305153?
0
What is the units digit of 58529612?
2
What is the units digit of 1093053465?
5
What is the thousands digit of 38617784?
7
What is the ten millions digit of 118880230?
1
What is the hundred thousands digit of 46696152?
6
What is the units digit of 574932220?
0
What is the tens digit of 2094012964?
6
What is 